{"id":197,"date":"2025-03-08T18:59:10","date_gmt":"2025-03-08T18:59:10","guid":{"rendered":"https:\/\/film-ca.org\/espace-membre\/?page_id=197"},"modified":"2025-03-11T00:56:52","modified_gmt":"2025-03-11T00:56:52","slug":"cotisation-bctca","status":"publish","type":"page","link":"https:\/\/film-ca.org\/espace-membre\/cotisation-bctca\/","title":{"rendered":"Cotisation-BCTCA"},"content":{"rendered":"\n<div class=\"wp-block-group alignfull has-foreground-background-color has-background has-global-padding is-layout-constrained wp-block-group-is-layout-constrained\" style=\"margin-top:0;margin-bottom:0;padding-top:0;padding-bottom:0\">\n<div class=\"wp-block-group alignwide has-global-padding is-layout-constrained wp-block-group-is-layout-constrained\" style=\"padding-top:var(--wp--preset--spacing--30);padding-bottom:var(--wp--preset--spacing--30)\">\n<h1 class=\"wp-block-heading alignwide has-background-color has-text-color\" style=\"font-size:clamp(0.875rem, 0.875rem + ((1vw - 0.2rem) * 0.625), 1.25rem);\">Cotisation annuelle<\/h1>\n<\/div>\n<\/div>\n\n\n\n<div class=\"wp-block-group alignfull has-background-background-color has-background has-global-padding is-layout-constrained wp-block-group-is-layout-constrained\" style=\"border-top-width:1px;margin-top:0;margin-bottom:0;padding-top:var(--wp--preset--spacing--60);padding-bottom:var(--wp--preset--spacing--60)\">\n<div class=\"wp-block-group alignwide is-vertical is-layout-flex wp-container-core-group-is-layout-fe9cc265 wp-block-group-is-layout-flex\">\n<div class=\"wp-block-group alignwide has-global-padding is-content-justification-left is-layout-constrained wp-container-core-group-is-layout-8b4c372c wp-block-group-is-layout-constrained\">\n<h3 class=\"wp-block-heading\">Cotisation annuelle des membres du BCTCA<\/h3>\n\n\n\n<p style=\"margin-top:16px\">\u00c9tant un organisme \u00e0 but non lucratif, nous offrons nos services en PRIORIT\u00c9 \u00c0 NOS MEMBRES. Vous devez avoir un NUM\u00c9RO DE MEMBRE, pour acc\u00e9der \u00e0 nos services. Commencez&nbsp;par votre inscription.<\/p>\n\n\n\n<p style=\"margin-top:16px\">En devenant membre&nbsp;de FILM CHAUDI\u00c8RE-APPALACHES, vous \u00eates automatiquement inclus dans ses 3 divisons. Nos 3 divisions \u00e9tant le BCTCA &#8211; Bureau du cin\u00e9ma et de la t\u00e9l\u00e9vision de la Chaudi\u00e8re-Appalaches, la Phototh\u00e8que de Film Chaudi\u00e8re-Appalaches et Cin\u00e9-Ressources de Film Chaudi\u00e8re-Appalaches.<\/p>\n\n\n\n<p style=\"margin-top:16px\">Consulter la page des &#8220;Avantages du membre&#8221;, pour plus de d\u00e9tails. <\/p>\n<\/div>\n<\/div>\n\n\n\n<div class=\"wp-block-group alignwide has-global-padding is-layout-constrained wp-block-group-is-layout-constrained\">\n<div class=\"wp-block-columns alignwide is-layout-flex wp-container-core-columns-is-layout-87beb0d0 wp-block-columns-is-layout-flex\">\n<div class=\"wp-block-column is-layout-flow wp-block-column-is-layout-flow\" style=\"border-width:1px;padding-top:var(--wp--preset--spacing--30);padding-right:var(--wp--preset--spacing--30);padding-bottom:var(--wp--preset--spacing--30);padding-left:var(--wp--preset--spacing--30)\">\n<div class=\"wp-block-group is-content-justification-space-between is-nowrap is-layout-flex wp-container-core-group-is-layout-cb46ffcb wp-block-group-is-layout-flex\">\n<h3 class=\"wp-block-heading\" style=\"font-size:clamp(14px, 0.875rem + ((1vw - 3.2px) * 0.625), 20px);line-height:1.5\">Membre Ami<\/h3>\n\n\n\n<h3 class=\"wp-block-heading\" style=\"font-size:clamp(14px, 0.875rem + ((1vw - 3.2px) * 0.625), 20px);line-height:1.5\">Gratuit<\/h3>\n<\/div>\n\n\n\n<p class=\"has-small-font-size\" style=\"margin-top:12px\">Convient aux personnes qui n&#8217;ont jamais produit ou r\u00e9aliser de tournage et qui d\u00e9sirent commencer dans le milieu.<br><br>D\u00e9lais de traitements: 10 jours ouvrables.<br>Budget annuel du membre: aucun.<br>Nombre de demandes annuelles: aucune.<\/p>\n<\/div>\n\n\n\n<div class=\"wp-block-column is-layout-flow wp-block-column-is-layout-flow\" style=\"border-width:1px;padding-top:var(--wp--preset--spacing--30);padding-right:var(--wp--preset--spacing--30);padding-bottom:var(--wp--preset--spacing--30);padding-left:var(--wp--preset--spacing--30)\">\n<div class=\"wp-block-group is-content-justification-space-between is-nowrap is-layout-flex wp-container-core-group-is-layout-cb46ffcb wp-block-group-is-layout-flex\">\n<h3 class=\"wp-block-heading\" style=\"font-size:clamp(14px, 0.875rem + ((1vw - 3.2px) * 0.625), 20px);line-height:1.5\">Membre Rel\u00e8ve<\/h3>\n\n\n\n<h3 class=\"wp-block-heading\" style=\"font-size:clamp(14px, 0.875rem + ((1vw - 3.2px) * 0.625), 20px);line-height:1.5\">15 $<\/h3>\n<\/div>\n\n\n\n<p class=\"has-small-font-size\" style=\"margin-top:12px\">Convient aux membres de la rel\u00e8ve, aux amateurs, aux permissionnaires et aux \u00e9tudiants.<br><br>D\u00e9lais de traitements: 10 jours ouvrables.<br>Budget annuel du membre: 2000 $.<br>Nombre de demandes annuelles: 5 renseignements.<\/p>\n<\/div>\n<\/div>\n\n\n\n<div class=\"wp-block-columns alignwide is-layout-flex wp-container-core-columns-is-layout-87beb0d0 wp-block-columns-is-layout-flex\">\n<div class=\"wp-block-column is-layout-flow wp-block-column-is-layout-flow\" style=\"border-width:1px;padding-top:var(--wp--preset--spacing--30);padding-right:var(--wp--preset--spacing--30);padding-bottom:var(--wp--preset--spacing--30);padding-left:var(--wp--preset--spacing--30)\">\n<div class=\"wp-block-group is-content-justification-space-between is-nowrap is-layout-flex wp-container-core-group-is-layout-cb46ffcb wp-block-group-is-layout-flex\">\n<h3 class=\"wp-block-heading\" style=\"font-size:clamp(14px, 0.875rem + ((1vw - 3.2px) * 0.625), 20px);line-height:1.5\">Membre R\u00e9gulier<\/h3>\n\n\n\n<h3 class=\"wp-block-heading\" style=\"font-size:clamp(14px, 0.875rem + ((1vw - 3.2px) * 0.625), 20px);line-height:1.5\">25 $<\/h3>\n<\/div>\n\n\n\n<p class=\"has-small-font-size\" style=\"margin-top:12px\">Convient aux professionnels \u00e9tablis, aux petits producteurs et aux travailleurs autonomes.<br><br>D\u00e9lais de traitements: 5 jours ouvrables.<br>Budget annuel du membre: 20 000 $.<br>Nombre de demandes annuelles: 10 renseignements.<\/p>\n<\/div>\n\n\n\n<div class=\"wp-block-column is-layout-flow wp-block-column-is-layout-flow\" style=\"border-width:1px;padding-top:var(--wp--preset--spacing--30);padding-right:var(--wp--preset--spacing--30);padding-bottom:var(--wp--preset--spacing--30);padding-left:var(--wp--preset--spacing--30)\">\n<div class=\"wp-block-group is-content-justification-space-between is-nowrap is-layout-flex wp-container-core-group-is-layout-cb46ffcb wp-block-group-is-layout-flex\">\n<h3 class=\"wp-block-heading\" style=\"font-size:clamp(14px, 0.875rem + ((1vw - 3.2px) * 0.625), 20px);line-height:1.5\">Membre Alli\u00e9<\/h3>\n\n\n\n<h3 class=\"wp-block-heading\" style=\"font-size:clamp(14px, 0.875rem + ((1vw - 3.2px) * 0.625), 20px);line-height:1.5\">75 $<\/h3>\n<\/div>\n\n\n\n<p class=\"has-small-font-size\" style=\"margin-top:12px\">Convient aux commerces et aux petits fournisseurs offrant aussi des ressources aux productions.<br><br>D\u00e9lais de traitements: 5 jours ouvrables.<br>Budget annuel du membre: 100 000 $.<br>Nombre de demandes annuelles: 15 renseignements.<\/p>\n<\/div>\n<\/div>\n\n\n\n<div class=\"wp-block-columns alignwide is-layout-flex wp-container-core-columns-is-layout-87beb0d0 wp-block-columns-is-layout-flex\">\n<div class=\"wp-block-column is-layout-flow wp-block-column-is-layout-flow\" style=\"border-width:1px;padding-top:var(--wp--preset--spacing--30);padding-right:var(--wp--preset--spacing--30);padding-bottom:var(--wp--preset--spacing--30);padding-left:var(--wp--preset--spacing--30)\">\n<div class=\"wp-block-group is-content-justification-space-between is-nowrap is-layout-flex wp-container-core-group-is-layout-cb46ffcb wp-block-group-is-layout-flex\">\n<h3 class=\"wp-block-heading\" style=\"font-size:clamp(14px, 0.875rem + ((1vw - 3.2px) * 0.625), 20px);line-height:1.5\">Membre Partenaire<\/h3>\n\n\n\n<h3 class=\"wp-block-heading\" style=\"font-size:clamp(14px, 0.875rem + ((1vw - 3.2px) * 0.625), 20px);line-height:1.5\">175 $<\/h3>\n<\/div>\n\n\n\n<p class=\"has-small-font-size\" style=\"margin-top:12px\">Convient aux moyennes entreprises offrant une diversit\u00e9s de produits et services aux productions.<br><br>D\u00e9lais de traitements: 5 jours ouvrables.<br>Budget annuel du membre: 500 000 $.<br>Nombre de demandes annuelles: 15 renseignements.<\/p>\n<\/div>\n\n\n\n<div class=\"wp-block-column is-layout-flow wp-block-column-is-layout-flow\" style=\"border-width:1px;padding-top:var(--wp--preset--spacing--30);padding-right:var(--wp--preset--spacing--30);padding-bottom:var(--wp--preset--spacing--30);padding-left:var(--wp--preset--spacing--30)\">\n<div class=\"wp-block-group is-content-justification-space-between is-nowrap is-layout-flex wp-container-core-group-is-layout-cb46ffcb wp-block-group-is-layout-flex\">\n<h3 class=\"wp-block-heading\" style=\"font-size:clamp(14px, 0.875rem + ((1vw - 3.2px) * 0.625), 20px);line-height:1.5\">Membre Prestige<\/h3>\n\n\n\n<h3 class=\"wp-block-heading\" style=\"font-size:clamp(14px, 0.875rem + ((1vw - 3.2px) * 0.625), 20px);line-height:1.5\">375 $<\/h3>\n<\/div>\n\n\n\n<p class=\"has-small-font-size\" style=\"margin-top:12px\">Convient aux personnes d\u00e9sirant une forte visibilit\u00e9 sur nos plateformes et lors de nos \u00e9v\u00e9nements.<br><br>D\u00e9lais de traitements: 5 jours ouvrables.<br>Budget annuel du membre: 1 million et plus.<br>Nombre de demandes annuelles: 15 renseignements.<\/p>\n<\/div>\n<\/div>\n<\/div>\n<\/div>\n\n\n\n<div style=\"position:relative;overflow:hidden;height:1038px;width:100%;padding-top:1038px;\"><iframe title='Cotisation soutenue par Zeffy' style='position: absolute; border: 0; top:0;left:0;bottom:0;right:0;width:100%;height:100%' src='https:\/\/www.zeffy.com\/embed\/ticketing\/cotisation-annuelle-de-film-chaudiere-appalaches--2025' allowpaymentrequest allowTransparency=\"true\"><\/iframe><\/div>\n","protected":false},"excerpt":{"rendered":"<p>Cotisation annuelle Cotisation annuelle des membres du BCTCA \u00c9tant un organisme \u00e0 but non lucratif, nous offrons nos services en PRIORIT\u00c9 \u00c0 NOS MEMBRES. Vous devez avoir un NUM\u00c9RO DE MEMBRE, pour acc\u00e9der \u00e0 nos services. Commencez&nbsp;par votre inscription. En devenant membre&nbsp;de FILM CHAUDI\u00c8RE-APPALACHES, vous \u00eates automatiquement inclus dans ses 3 divisons. Nos 3 divisions [&hellip;]<\/p>\n","protected":false},"author":1,"featured_media":0,"parent":0,"menu_order":0,"comment_status":"closed","ping_status":"closed","template":"","meta":{"footnotes":""},"class_list":["post-197","page","type-page","status-publish","hentry"],"_links":{"self":[{"href":"https:\/\/film-ca.org\/espace-membre\/wp-json\/wp\/v2\/pages\/197","targetHints":{"allow":["GET"]}}],"collection":[{"href":"https:\/\/film-ca.org\/espace-membre\/wp-json\/wp\/v2\/pages"}],"about":[{"href":"https:\/\/film-ca.org\/espace-membre\/wp-json\/wp\/v2\/types\/page"}],"author":[{"embeddable":true,"href":"https:\/\/film-ca.org\/espace-membre\/wp-json\/wp\/v2\/users\/1"}],"replies":[{"embeddable":true,"href":"https:\/\/film-ca.org\/espace-membre\/wp-json\/wp\/v2\/comments?post=197"}],"version-history":[{"count":4,"href":"https:\/\/film-ca.org\/espace-membre\/wp-json\/wp\/v2\/pages\/197\/revisions"}],"predecessor-version":[{"id":351,"href":"https:\/\/film-ca.org\/espace-membre\/wp-json\/wp\/v2\/pages\/197\/revisions\/351"}],"wp:attachment":[{"href":"https:\/\/film-ca.org\/espace-membre\/wp-json\/wp\/v2\/media?parent=197"}],"curies":[{"name":"wp","href":"https:\/\/api.w.org\/{rel}","templated":true}]}}