{"id":22,"date":"2025-03-07T20:13:02","date_gmt":"2025-03-07T20:13:02","guid":{"rendered":"https:\/\/film-ca.org\/espace-membre\/boutique\/"},"modified":"2025-03-10T23:35:52","modified_gmt":"2025-03-10T23:35:52","slug":"cotisation","status":"publish","type":"page","link":"https:\/\/film-ca.org\/espace-membre\/cotisation\/","title":{"rendered":"Cotisation"},"content":{"rendered":"\n<div class=\"wp-block-group alignfull has-foreground-background-color has-background has-global-padding is-layout-constrained wp-block-group-is-layout-constrained\" style=\"margin-top:0;margin-bottom:0;padding-top:0;padding-bottom:0\">\n<div class=\"wp-block-group alignwide has-global-padding is-layout-constrained wp-block-group-is-layout-constrained\" style=\"padding-top:var(--wp--preset--spacing--30);padding-bottom:var(--wp--preset--spacing--30)\">\n<h1 class=\"wp-block-heading alignwide has-background-color has-text-color\" style=\"font-size:clamp(0.875rem, 0.875rem + ((1vw - 0.2rem) * 0.625), 1.25rem);\">Cotisation annuelle<\/h1>\n<\/div>\n<\/div>\n\n\n\n<p><strong>L&#8217;importance de votre inscription<\/strong><\/p>\n\n\n\n<p>\u00c9tant un organisme \u00e0 but non lucratif, notre principale source de revenus est le soutien financier de nos membres. Vous devez finaliser votre inscription comme membre avant de demander&nbsp;nos services. Nous devons avoir un num\u00e9ro de membre \u00e0 rattacher \u00e0 chaque dossier et pour chaque projet.<br><br>Une fois que nous aurons re\u00e7u votre demande, nous vous enverrons une confirmation avec votre num\u00e9ro de membre.&nbsp;Vous aurez alors acc\u00e8s \u00e0 votre Espace-Membre pour toutes vos demandes. <\/p>\n\n\n\n<div class=\"wp-block-group alignwide has-background-background-color has-background is-content-justification-space-between is-layout-flex wp-container-core-group-is-layout-4be20cc5 wp-block-group-is-layout-flex\" style=\"border-radius:1rem;padding-top:var(--wp--preset--spacing--50);padding-right:var(--wp--preset--spacing--50);padding-bottom:var(--wp--preset--spacing--50);padding-left:var(--wp--preset--spacing--50)\">\n<div class=\"wp-block-group has-global-padding is-layout-constrained wp-block-group-is-layout-constrained\">\n<h2 class=\"wp-block-heading has-large-font-size\">Avantages du membre<\/h2>\n\n\n\n<p style=\"margin-top:16px\">\u00c9tant un organisme \u00e0 but non lucratif, nous offrons nos services en PRIORIT\u00c9 \u00c0 NOS MEMBRES. Vous devez avoir un NUM\u00c9RO DE MEMBRE, pour acc\u00e9der \u00e0 nos services.<\/p>\n\n\n\n<p style=\"margin-top:16px\">En devenant membre\u00a0de FILM CHAUDI\u00c8RE-APPALACHES, vous aurez acc\u00e8s \u00e0 nos 3 divisons. Nos 3 divisions \u00e9tant le BCTCA \u2013 Bureau du cin\u00e9ma et de la t\u00e9l\u00e9vision de la Chaudi\u00e8re-Appalaches, la Phototh\u00e8que de Film Chaudi\u00e8re-Appalaches et Cin\u00e9-Ressources de Film Chaudi\u00e8re-Appalaches.<\/p>\n<\/div>\n\n\n\n<div class=\"wp-block-buttons is-content-justification-left is-layout-flex wp-container-core-buttons-is-layout-82056a45 wp-block-buttons-is-layout-flex\">\n<div class=\"wp-block-button is-style-outline is-style-outline--1\"><a class=\"wp-block-button__link wp-element-button\" href=\"https:\/\/film-ca.org\/espace-membre\/avantages-membre\/\">Avantages du membre<\/a><\/div>\n\n\n\n<div class=\"wp-block-button\"><a class=\"wp-block-button__link wp-element-button\" href=\"https:\/\/film-ca.org\/espace-membre\/a-propos\/\">Voir plus<\/a><\/div>\n<\/div>\n<\/div>\n","protected":false},"excerpt":{"rendered":"<p>Cotisation annuelle L&#8217;importance de votre inscription \u00c9tant un organisme \u00e0 but non lucratif, notre principale source de revenus est le soutien financier de nos membres. Vous devez finaliser votre inscription comme membre avant de demander&nbsp;nos services. Nous devons avoir un num\u00e9ro de membre \u00e0 rattacher \u00e0 chaque dossier et pour chaque projet. Une fois que [&hellip;]<\/p>\n","protected":false},"author":1,"featured_media":0,"parent":0,"menu_order":0,"comment_status":"closed","ping_status":"closed","template":"","meta":{"footnotes":""},"class_list":["post-22","page","type-page","status-publish","hentry"],"_links":{"self":[{"href":"https:\/\/film-ca.org\/espace-membre\/wp-json\/wp\/v2\/pages\/22","targetHints":{"allow":["GET"]}}],"collection":[{"href":"https:\/\/film-ca.org\/espace-membre\/wp-json\/wp\/v2\/pages"}],"about":[{"href":"https:\/\/film-ca.org\/espace-membre\/wp-json\/wp\/v2\/types\/page"}],"author":[{"embeddable":true,"href":"https:\/\/film-ca.org\/espace-membre\/wp-json\/wp\/v2\/users\/1"}],"replies":[{"embeddable":true,"href":"https:\/\/film-ca.org\/espace-membre\/wp-json\/wp\/v2\/comments?post=22"}],"version-history":[{"count":6,"href":"https:\/\/film-ca.org\/espace-membre\/wp-json\/wp\/v2\/pages\/22\/revisions"}],"predecessor-version":[{"id":342,"href":"https:\/\/film-ca.org\/espace-membre\/wp-json\/wp\/v2\/pages\/22\/revisions\/342"}],"wp:attachment":[{"href":"https:\/\/film-ca.org\/espace-membre\/wp-json\/wp\/v2\/media?parent=22"}],"curies":[{"name":"wp","href":"https:\/\/api.w.org\/{rel}","templated":true}]}}